ive n(-13).
166
Let t(m) = -14*m**2 + 226*m - 21. Give t(16).
11
Let d(f) = 118*f - 421. Calculate d(5).
169
Let i(w) = -w**3 + 12*w**2 + 45*w - 232. What is i(15)?
-232
Let j(a) = -8*a - 44. Give j(4).
-76
Let w(n) = 218*n**2 + 2176*n - 42. What is w(-10)?
-2
Let p(d) = -93*d - 1766. What is p(-19)?
1
Let a(y) = 55*y + 1813. What is a(-33)?
-2
Let y(h) = h**3 - 84*h**2 + 244*h - 70. Calculate y(81).
11
Let x(j) = 4*j**3 - 37*j**2 + 69*j + 11. Determine x(8).
243
Let s(t) = 5*t**2 - 43203*t - 43202. Give s(-1).
6
Let b(h) = -3*h**3 - 63*h**2 - 204*h - 5. What is b(-17)?
-5
Let k(x) = 2*x**2 - 10*x + 24. Calculate k(-9).
276
Let g(l) = -49*l + 5193. Calculate g(110).
-197
Let n(c) = -7*c**2 + 75*c + 840. Give n(-11).
-832
Let g(k) = 39*k - 27. Calculate g(0).
-27
Let y(k) = -200*k**2 + 8*k - 9. Determine y(1).
-201
Let n(f) = 29731*f + 89182. Determine n(-3).
-11
Let y(d) = -503*d + 2044. Determine y(4).
32
Let j(r) = -r**3 + 16*r**2 + 20*r - 44. What is j(17)?
7
Let o(j) = 3*j**3 + 5*j**2 - 7*j - 9. Give o(2).
21
Let r(s) = -92*s**3 + 15*s**2 + 13*s - 2. Determine r(-1).
92
Let t(c) = c**3 + 28*c**2 - 3*c - 71. Calculate t(-28).
13
Let v(s) = 496*s - 4844. Calculate v(10).
116
Let b(g) = -19*g - 141. Determine b(-13).
106
Let t(n) = 64*n - 4927. Give t(77).
1
Let w(o) = o**3 - 41*o**2 + 181*o + 65. Determine w(36).
101
Let w(j) = -18*j**2 - 94*j + 81. Calculate w(-6).
-3
Let s(l) = 2*l**3 + 14*l**2 - 238*l + 27. What is s(-15)?
-3
Let q(m) = 52*m + 707. Calculate q(-13).
31
Let s(m) = -2*m**3 + 17*m**2 - 43*m + 214. What is s(7)?
60
Let k(u) = -u**3 - 209*u**2 + 20*u + 4167. What is k(-209)?
-13
Let p(d) = -d**3 - 44*d**2 + 91*d - 31. Calculate p(-46).
15
Let l(s) = -s**2 + 3110*s - 12432. Give l(4).
-8
Let g(q) = 3*q**2 + 626*q + 2503. Give g(-4).
47
Let o(v) = -4*v**3 - 48*v**2 - 37*v + 110. Determine o(-11).
33
Let x(d) = -17220*d + 120538. What is x(7)?
-2
Let f(c) = 7*c**3 + 15*c**2 + 55*c + 5. Determine f(-3).
-214
Let o(b) = b**3 + 8*b**2 - b - 14. Calculate o(-8).
-6
Let k(f) = 2*f**3 - 32*f**2 - 2*f + 22. Determine k(16).
-10
Let n(c) = -14*c**3 + 36*c**2 - 5*c + 2. Determine n(2).
24
Let f(d) = -d**2 - 61*d - 539. Determine f(-10).
-29
Let p(n) = -149*n - 2680. Determine p(-18).
2
Let l(v) = 12*v**2 - 160*v + 56. Determine l(13).
4
Let i(u) = 5*u**2 + 6*u - 61. Give i(3).
2
Let u(t) = t**3 - 55*t**2 + 692*t - 958. Give u(37).
4
Let n(l) = -7*l**2 - 720*l + 112. Calculate n(-103).
9
Let n(x) = -143*x**3 + 2*x**2 - 11*x - 10. Calculate n(-1).
146
Let a(z) = 3*z**3 - 6*z**2 - 6*z + 1. What is a(-3)?
-116
Let k(g) = g**3 - 24*g**2 - 41*g - 249. Determine k(26).
37
Let p(y) = y**3 + 53*y**2 + 395*y + 25. Give p(-44).
69
Let p(i) = -37*i - 1281. Calculate p(-35).
14
Let h(l) = -49*l + 579. Determine h(-11).
1118
Let a(z) = -2*z**3 - 3*z**2 - 3*z - 45. Determine a(-3).
-9
Let i(n) = 6*n**2 - 127*n + 386. Give i(3).
59
Let w(t) = 1712*t + 3387. Determine w(-2).
-37
Let q(s) = 16*s**2 + 94*s - 20. What is q(-10)?
640
Let q(f) = -2*f + 21. Give q(0).
21
Let o(a) = 2755*a - 19287. Calculate o(7).
-2
Let f(v) = -61*v + 267. What is f(0)?
267
Let q(t) = -t**2 - t + 196. Give q(-14).
14
Let o(l) = 200*l + 2987. Determine o(-15).
-13
Let a(c) = c**2 - 42*c - 538. Calculate a(52).
-18
Let z(y) = -y**2 - 39*y - 88. What is z(-31)?
160
Let a(u) = 3*u**3 + u**2 - 10. Determine a(4).
198
Let c(i) = 11*i**2 - 743*i - 284. Calculate c(68).
56
Let a(n) = 6*n - 331. Calculate a(54).
-7
Let r(h) = -228*h + 7484. Calculate r(33).
-40
Let b(f) = -f**3 - 25*f**2 - 57*f - 29. Determine b(-22).
-227
Let i(p) = -5*p**3 + 7*p**2 - 7*p - 3. Give i(-5).
832
Let n(q) = -7*q**3 + 2*q - 12. Calculate n(0).
-12
Let v(g) = 79*g - 1038. Give v(13).
-11
Let z(w) = -464*w + 7025. Give z(15).
65
Let u(y) = y**2 - 32*y + 370. Calculate u(27).
235
Let b(y) = -89*y + 1355. Calculate b(16).
-69
Let q(j) = 3*j**3 + 26*j**2 + 26*j + 60. Give q(-8).
-20
Let x(g) = -4*g**3 + 4*g**2 + 2*g + 36. Give x(4).
-148
Let o(s) = -2597*s + 18174. Determine o(7).
-5
Let j(y) = -16*y + 623. Calculate j(44).
-81
Let n(j) = -3*j**2 + 88*j + 30. Determine n(30).
-30
Let c(j) = 9*j**2 - 41*j + 33. Calculate c(9).
393
Let n(z) = -z**3 - 2*z**2 + 40*z + 83. What is n(-2)?
3
Let s(y) = -22*y + 109. Calculate s(5).
-1
Let b(d) = -d**3 - 33*d**2 - 252*d + 10. What is b(-21)?
10
Let v(f) = -f + 73. Determine v(-20).
93
Let k(q) = -99*q + 701. Determine k(7).
8
Let p(s) = -3*s**2 + 71*s - 359. Calculate p(9).
37
Let f(j) = -45*j + 83. Calculate f(2).
-7
Let u(d) = -2*d**3 - 62*d**2 + 205*d + 5. Determine u(-34).
-29
Let w(i) = -i**3 - 26*i**2 - 182*i - 285. Give w(-15).
-30
Let l(r) = -r**3 - 46*r**2 + 53*r + 55. Determine l(-47).
-227
Let v(a) = -a**2 + 36*a - 67. Calculate v(37).
-104
Let i(g) = 16*g**2 - 11*g + 34. Determine i(0).
34
Let l(h) = -h**3 - 359*h**2 + 353*h - 2517. Give l(-360).
3
Let s(u) = 15*u + 116. What is s(0)?
116
Let v(t) = 88*t**2 + 19*t - 1. Calculate v(-1).
68
Let k(n) = -18*n + 274. What is k(15)?
4
Let w(c) = -2*c**2 + 49*c + 547. Calculate w(33).
-14
Let r(z) = -83*z - 3076. Determine r(-37).
-5
Let y(f) = -87*f + 722. Calculate y(9).
-61
Let p(n) = 23*n**2 + 631*n - 1046. Determine p(-29).
-2
Let w(z) = -9*z**2 + 95*z + 21. Calculate w(9).
147
Let u(a) = 17*a + 423. Determine u(-46).
-359
Let u(y) = 8*y**3 - 29*y**2 + 6*y - 13. Give u(3).
-40
Let f(w) = 2*w**2 + 70*w - 3532. Give f(-63).
-4
Let p(v) = 5*v**3 - 52*v**2 + 11*v + 70. What is p(10)?
-20
Let b(t) = 260*t**3 - 3*t**2 - 7*t - 4. Calculate b(-1).
-260
Let l(u) = 3*u**2 - 115*u - 961. What is l(-7)?
-9
Let d(o) = o**3 + o + 101. Give d(0).
101
Let h(p) = p**2 - 1716*p - 17258. Give h(-10).
2
Let g(y) = 497*y + 594. Calculate g(-1).
97
Let y(f) = -8*f + 233. Calculate y(21).
65
Let w(f) = -13*f - 1. Give w(-5).
64
Let y(w) = -330*w**2 - 1982*w - 11. Determine y(-6).
1
Let n(c) = -7*c**2 - 15*c + 37. Give n(-7).
-201
Let r(k) = -k**2 - 33*k + 11942. Determine r(94).
4
Let z(p) = 190*p + 1277. Calculate z(-6).
137
Let p(z) = -z**2 - 45*z - 231. What is p(-39)?
3
Let p(c) = 163*c - 2629. Determine p(16).
-21
Let n(b) = 53*b - 4244. Give n(80).
-4
Let q(y) = 1611*y - 8047. What is q(5)?
8
Let b(o) = 48*o - 357. Give b(17).
459
Let s(y) = y**3 + 42*y**2 + 37*y + 5. Give s(-42).
-1549
Let t(u) = 1480*u + 1486. Give t(-1).
6
Let w(l) = -199*l + 1198. Calculate w(6).
4
Let p(n) = -336*n + 614. Determine p(2).
-58
Let k(c) = 178*c - 110. Give k(1).
68
Let t(p) = 3*p**2 - 8*p - 5. Determine t(-4).
75
Let n(m) = -31*m + 952. Determine n(31).
-9
Let p(v) = -12*v**2 + 138*v - 4. Calculate p(11).
62
Let b(z) = -49*z - 4596. Give b(-93).
-39
Let b(h) = 17*h + 42. What is b(-15)?
-213
Let h(t) = -762*t + 11423. Give h(15).
-7
Let i(n) = 17*n - 1451. Determine i(14).
-1213
Let o(t) = -t**2 - 8*t - 23. Give o(-2).
-11
Let d(j) = j**3 + 4*j**2 - 28*j - 93. Give d(-3).
0
Let y(n) = 30*n - 1098. Give y(38).
42
Let i(q) = -q**3 + 14*q**2 - 12*q - 7. What is i(13)?
6
Let h(g) = -g**2 + 24*g + 246. Determine h(26).
194
Let v(y) = 12*y**2 - 322*y - 320. What is v(-1)?
14
Let s(h) = 727*h - 78. Determine s(0).
-78
Let v(p) = 3*p**3 + p**2 + 105*p + 8. Give v(0).
8
Let f(n) = -n**3 - 28*n**2 - 103*n - 166. Give f(-24).
2
Let g(k) = -1820*k + 14574. Determine g(8).
14
Let g(u) = 10*u**2 - 99*u + 61. What is g(7)?
-142
Let v(h) = 5*h**2 - 1327*h + 1848. Give v(264).
0
Let s(c) = 62*c - 1531. Determine s(19).
-353
Let b(r) = r**3 - 13*r**2 + 62*r - 812. Determine b(13).
-6
Let b(h) = h**2 - 108*h + 2725. Determine b(68).
5
Let d(i) = -27*i**2 - 2702*i - 87. Give d(-100).
113
Let s(c) = 229*c - 1619. Determine s(7).
-16
Let o(p) = -3*p**3 + 5*p**2 - 20*p. Give o(4).
-192
Let k(w) = w**3 - 49*w**2 - 660*w - 10. Give k(60).
-10
Let h(c) = c**3 + 3*c + 185. What is h(0)?
185
Let b(d) = d**3 - 30*d**2 - 343*d - 324. Calculate b(39).
-12
Let i(l) = l**2 + 116*l - 1480. Calculate i(-127).
-83
Let o(q) = -20*q - 293. Give o(-19).
87
Let j(w) = -5*w - 80. Calculate j(-20).
20
Let f(u) = -81*u - 902. What is f(-12)?
70
Let k(w) = 5*w**3 + 409*w**2 - 85*w - 51. Give k(-82).
195
Let r(h) = h**3 + 46*h**2 + 51*h + 270. Determine r(-45).
0
Let o(a) = 2567*a + 74441. What is o(-29)?
-2
Let p(b) = 3*b**2 + 31*b + 67. What is p(-3)?
1
Let h(i) = 2*i**2 - 2*i - 